ppose -d*c = 3*s - 17486, 0 = -4*s + 5*c + 16999 + 6357. Is s a prime number?
False
Suppose -3709349 = -44*c + 14194383. Is c prime?
False
Let c(w) = -w - 1. Let o(b) = -197*b + 86. Let a(q) = 4*c(q) + o(q). Is a(-11) a prime number?
True
Let o(f) = -4523*f**2 + 8*f - 23. Let a(l) = -1508*l**2 + 3*l - 8. Let s(m) = 11*a(m) - 4*o(m). Is s(-3) a composite number?
False
Suppose -7*f + 53329 = -4*f + 2*m, 71117 = 4*f + 5*m. Suppose -327*a + 320*a = -f. Is a composite?
False
Let f = 27 - 15. Let z be (1/(f/(-4)))/(1/(-6)). Suppose 5*a = -3*d + 1631 + 1583, z*d = -5*a + 3211. Is a a prime number?
True
Suppose 6*m + 9 = 39. Suppose -p + 11346 = -a, -m*a + 3*a = -4*p + 45374. Is p a prime number?
False
Let l = 7 + -13. Let z be l/(-12)*113 + 6/(-4). Suppose z = 63*j - 62*j. Is j composite?
True
Suppose 5*f + 9*m - 336391 = 0, -57*f = -58*f - 2*m + 67277. Is f a prime number?
True
Let j = -1567 - -2668. Suppose x + 4525 = -j. Let d = -1833 - x. Is d a composite number?
False
Let s be (72/(-8))/(9/(-6)). Suppose -s*k + 13376 = -3610. Let j = -1864 + k. Is j a composite number?
False
Let u = -60645 + 85336. Is u a prime number?
True
Suppose -3*v + 170435 = x, -2*x = 558*v - 563*v - 340782. Is x prime?
False
Suppose 10 = 2*z + 4*d, 4*z + 3*d + d = 20. Suppose -3*v = 2*o - 1811, z*o = -3*v + 1599 + 2915. Is o composite?
True
Suppose -176062 = -2*b - 2*y, -3*b = -93*y + 94*y - 264109. Is b a composite number?
True
Suppose 116*l = 51*l + 49*l + 253424. Is l a composite number?
True
Let w be (-702450)/(-441) - 2/(-14). Suppose 2*d = d - 2*z + w, -4*z = d - 1595. Is d a prime number?
False
Let h be (8 - (-252)/(-30)) + 27/5. Suppose -182 = -h*b + 433. Suppose -2*l + b + 995 = 0. Is l composite?
True
Let g(q) = -430*q - 31. Let j be 10*((-22)/(-22) + (-6)/4). Is g(j) composite?
True
Is 2*(-44728)/28*49/112*-4 composite?
False
Let x = 5386 - 15164. Is 21/(-7)*x/6 prime?
True
Let p = 161 - 163. Let b(c) = -654*c**3 - 3*c**2 + 3. Is b(p) prime?
False
Is 2/(-19) - 532112350/(-7790) a composite number?
True
Suppose 0 = 4*m + 5*k - 691421, -10 = -46*k + 44*k. Is m prime?
True
Let i(n) = n**3 - 14*n**2 + 50*n - 30. Is i(16) a composite number?
True
Let s(f) = -3*f**2 + 10 - 222*f**3 + 5*f + 442*f**3 - 221*f**3. Let i be s(-4). Suppose -344 = i*a - 4346. Is a prime?
False
Let q = -2545 - -3431. Is q a prime number?
False
Let r = -37202 + 338505. Is r composite?
False
Let f = 5516 + -12933. Let c = f - -12955. Is c/6 + -6 + 4/2 prime?
True
Let s = 3604 + -1416. Let x = -1133 + s. Is x a composite number?
True
Is (46/69)/(18/1781379) a prime number?
False
Let y = 201 - 240. Is (y/(-52))/(9/9528) prime?
False
Suppose -4*t + 5*n - 17 = -48, -2*n - 18 = -3*t. Is 1*(t + -9) - (-1777 - 7) a composite number?
True
Let q = 6233 - -5420. Suppose -3*i = -4*u - u + q, -2*i - 4658 = -2*u. Is u composite?
False
Suppose -48*a + 42*a + 1680415 = 49*a. Is a a composite number?
False
Suppose -p - 4*n + 136695 = 0, 11*p - 2*n = 15*p - 546766. Is p a composite number?
False
Let s(g) = 37*g**2 + 199*g - 67. Is s(-20) a composite number?
False
Let v be 2*(-2)/8*-1736. Suppose 2*k = 5*h - 856, -5*h + v = 3*k + k. Suppose 825 + h = 4*y - 5*l, -2*y - l + 509 = 0. Is y a composite number?
True
Suppose 5123470 + 3641379 = 137*d. Is d prime?
True
Suppose 22*q - 66 = -0*q. Suppose -14832 = -q*i + 11607. Is i a prime number?
False
Is (-173748 + -9)*(-21)/63 a prime number?
False
Let s = -5869 + 11572. Suppose -27*y + 30*y - s = 0. Is y composite?
False
Let b(r) = -54*r**2 + 2*r - 7. Let p be b(5). Let q be p/(-7) - (-18)/(-42). Suppose q + 9 = 3*w. Is w prime?
True
Suppose 56*y - 9*y - 12730807 + 1866240 = 0. Is y a composite number?
True
Is 51993/2 + (-13 - (-540)/40) a composite number?
False
Suppose -3*d + 446501 = -2*q, 4*d + 5*q - 338938 = 256366. Is d prime?
False
Suppose -21*y = -29*y + 10528. Suppose 4743 + y = t - 2*n, -5*t - n + 30339 = 0. Is t a composite number?
False
Let t = -234263 + 358336. Is t prime?
False
Suppose -24*v = 64 - 136. Suppose 15399 = v*z + 4*r, -z + 2*r = 5*r - 5138. Is z a composite number?
True
Let h(z) = z**3 + 13*z**2 - 14*z + 5. Let l be h(-14). Suppose -l*s + 9 = -6. Suppose 4654 = s*x + 5*p, 5*x + 3*p = -p + 7735. Is x a prime number?
True
Let s = -126652 + 303875. Is s composite?
False
Suppose -536*k + 152198994 = 6151322. Is k a composite number?
False
Let j = -953373 + 2212252. Is j prime?
False
Let t = -97 - -125. Suppose b + a - t = 0, 3*b = 2*a - 6*a + 89. Suppose 5*c - 348 = -b. Is c a prime number?
False
Suppose 10*o + 836 = 7216. Suppose m + 8*v = 3*v + o, -4*m + 3*v = -2529. Is m a prime number?
False
Let u = -3371 + 27200. Let k = u - 10352. Is k composite?
False
Let v(q) = -9 - 184*q - q**2 + 162*q - 13. Is v(-6) a composite number?
True
Let z be (-4 + 140)/(45/(-24) - -2). Let x = z + -234. Let w = 1555 - x. Is w a composite number?
False
Let c(j) = -434*j**3 + 18*j + 27. Is c(-4) composite?
True
Let v = 59931 - 40700. Is v a prime number?
True
Let o(t) = 14*t**2 + 7*t - 34. Let d be o(6). Suppose 0 = 5*m + 11308 + d. Let j = 3541 + m. Is j prime?
False
Suppose 0 = 17*w - 27*w + 31040. Suppose -w = -3*z + 1843. Is z prime?
False
Let c(v) = 0*v**2 + 2*v**2 + 0*v - v**2 - 2 + 3*v**3 - 2*v. Let d be c(-2). Is (-2)/(-5)*(-20205)/d composite?
False
Let j(h) = -h**3 - 8*h**2 + 10*h + 12. Let w be j(-9). Let b be 260/(-8) + (-15)/10. Is (b - w)*(-1 - 1) prime?
False
Let z(c) = -c**3 - 3*c**2 - 7*c - 13. Let g be z(-5). Let b = g + -72. Is (13263*4/(-6))/(-2 + b) prime?
True
Suppose 5*t + n - 7593 = 0, -n + 2106 + 933 = 2*t. Suppose o = t + 485. Let r = -812 + o. Is r a prime number?
False
Let z = -93783 - -140213. Suppose 0 = 15*i - 25*i + z. Is i a composite number?
False
Let d(k) be the second derivative of -k**5/20 - 7*k**4/12 - 5*k**3/3 - 23*k**2/2 - 10*k. Let r be d(-6). Is r/((-7254)/1814 - -4) a prime number?
True
Let y = -332734 - -619407. Is y a composite number?
False
Is 3*((-54824964)/232)/((-9)/4) composite?
True
Suppose -2*t = 10*t - 16*t + 1117588. Is t a prime number?
True
Suppose -1233 = -j + 2*l, -3*j + 0*l + 3669 = 4*l. Let w be (1 - j/21)/(3/(-21)). Suppose -5*i = -5*a + 1790, 2*i + 1032 = 4*a - w. Is a a prime number?
True
Let r(j) = 37*j**2 - 62*j**3 - 86 - 74*j + 134*j**3 - 71*j**3. Is r(-35) a composite number?
True
Suppose -2*j = 0, 6*q - 4318292 + 1533878 = 4*j. Is q prime?
True
Let b = 119059 - 52568. Is b composite?
False
Let f(m) = 23*m**2 - 119*m + 97. Is f(42) a composite number?
False
Let z be 4/(16/(-156))*543/(-9). Suppose 3*y - 4*o = z, 4*y + 4*o + 0*o = 3156. Is y a prime number?
True
Let m = 38402 - -118539. Is m prime?
True
Suppose 4*d - 14431 = 4457. Let a = d + -2542. Is (4/(-20))/((-4)/a) a prime number?
True
Let p(f) be the second derivative of 17521*f**4/12 - f**3/6 - f**2/2 + 47*f. Is p(1) a composite number?
False
Suppose -3*k = -2*g - 2*k - 39687, -2*k - 99195 = 5*g. Let a = g + 34608. Let s = a + -7484. Is s composite?
False
Suppose -107 = -8*n + 6*n + 5*m, -196 = -4*n + 4*m. Suppose 0 = -2*x + g + 23022, -3*g - 22968 = -2*x + n. Is x a prime number?
False
Suppose 4*o - 12*q + 11006 = -7*q, 4*q + 8 = 0. Let f = 4583 + o. Is f prime?
False
Let h = -165136 - -779265. Is h a prime number?
True
Let t(u) = 0*u + 8*u + 24 - 4*u. Let l be t(-5). Suppose l*g - 3358 = 2238. Is g prime?
True
Is (21/35)/(21/1224755) a composite number?
True
Suppose 0 = 1412*s - 1276*s - 961112. Is s a composite number?
True
Let u(f) = -1174*f + 26. Let b(v) = 2348*v - 53. Let q(l) = -4*b(l) - 9*u(l). Let m be q(6). Suppose 4*w - m = 2542. Is w a composite number?
True
Is 190/(-10) + (-1515900)/(-25) a prime number?
True
Let t(n) = 2122*n + 24. Let y be t(5). Let a = -5773 + y. Is a composite?
False
Suppose k = -4*z + 2645, z + 5290 = 2*k - 2*z. Let u = 726 + k. Is u a composite number?
False
Suppose 17*q + 21 = -81. Let u(k) = 199*k**2 - 2*k + 25. Is u(q) composite?
True
Let k = -314 - -1525. Suppose -k = -w - 0*w. Suppose -13*d - w = -14*d. Is d a composite number?
True
Let l be 2 + 1 + 9 - (-15)/(-3). Suppose -q - 17371 = -3*x, 4*x - 4*q = -l*q + 23170. Is x a composite number?
False
Is (10 + (-686)/70)*647585 a prime number?
True
Suppose -4*k + 86 = j, 2*k + 0*k = 3*j + 50. Let w be (56940/k - 3) + 4/(-22). Let l = w - 1772. Is l